dreds digit of 25/n + 45603/36?
2
Suppose -233*n + 229*n = -8968. What is the tens digit of n?
4
Let y(s) = -2*s**3 + 7*s**2 + 7*s - 34. Let n(k) = -k**3 + 2*k**2 - k - 2. Let o(d) = -n(d) + y(d). What is the tens digit of o(-8)?
3
Suppose 151*z - 148*z = 15. Suppose -4*v = -5*i - 1696 + 460, -1590 = -z*v - 5*i. What is the hundreds digit of v?
3
Let t(f) = -30*f + 4. Let q = 217 + -220. What is the tens digit of t(q)?
9
Suppose -2*v + 5*y = -10180, 5*v + y = -2*y + 25388. What is the thousands digit of v?
5
Suppose -195 = -o - 3*p, -5*o + 423 + 496 = p. What is the tens digit of o - (-2 - -2)/8?
8
Let j(f) = -f**2 + 21*f + 61. Let k be j(20). Suppose -v = -y - 265, 4*y + 457 = 2*v - k. Suppose 0 = 2*z - 59 - v. What is the hundreds digit of z?
1
Suppose -5*z - 544 = 2*s, 3*z + 2*z - 2*s = -536. Let a = z + 89. Let p = 210 - a. What is the hundreds digit of p?
2
Suppose 106 = 13*g + 80. Suppose -4*v - 634 = -g*i, -2*i = 4*v - 5*v - 643. What is the tens digit of i?
2
Suppose y = u + 5782, -2*y - 4*u = -0*y - 11576. Suppose 17*t = 29*t - y. What is the units digit of t?
2
Suppose -24 = -l - 339. Let m = l - -533. What is the tens digit of m?
1
Let v(s) = s**2 - 15*s + 45. Let u(d) = 2*d**3 + 9*d**2 - d - 8. Let f be u(-4). What is the units digit of v(f)?
9
Let f = -53 + 59. Suppose t - 4 = f. Suppose t*u - 2036 = -286. What is the tens digit of u?
7
Let k = -4568 - -7725. What is the units digit of k?
7
Let g = 44 + -77. What is the units digit of ((-5665)/g + 2)*6/2?
1
Let f = 87 + 1734. Suppose -795 = -4*v + f. What is the hundreds digit of v?
6
Let x(r) = 5*r - 3. Let n be x(17). Suppose q + 12*p = 9*p + 22, 5*q + p = n. What is the tens digit of q?
1
Suppose 1 - 26 = -5*x. Suppose t = 3*y - 4, x*t + 12 = 5*y + 2*t. Suppose 5*r - z = 25, -5*r - z - 2*z + 45 = y. What is the units digit of r?
6
Let g = 266 + -260. Let k(z) = 85*z - 113. What is the hundreds digit of k(g)?
3
Suppose 68*n + 38*n - 94681 = 524147. What is the hundreds digit of n?
8
Suppose 31*l + 17468 = 17*l + 18*l. What is the hundreds digit of l?
3
Let u(v) = v + 2. Let m(b) = 3*b**2 + 4*b + 1. Let f be m(-2). Let n be u(f). Suppose -93 + n = -s. What is the units digit of s?
6
Let c = 1169 + 8683. What is the hundreds digit of c?
8
Suppose 5*h - 32905 = 5*s, -22*s + 26*s = -5*h + 32860. What is the hundreds digit of h?
5
Let w be 1 - (64/(-10))/((-20)/50). Let u be (-2)/3 - (w/9 + 1). Suppose 0 = 10*x - u*x - 630. What is the tens digit of x?
6
Suppose 55*l = -4*j + 52*l + 77723, -3*j = -3*l - 58266. What is the thousands digit of j?
9
Suppose x + 12 - 4 = -3*q, 16 = -2*x + q. Suppose -193 + 187 = u - 7*u. What is the hundreds digit of (-1636)/x - u/(-2)?
2
Suppose 2*k - k + 10 = 5*o, 0 = 5*k. Suppose 2*m - 4*m = c - 147, 628 = 4*c - o*m. What is the tens digit of c?
5
Let n(t) = -5*t**3 + 2*t**2 + 7*t + 7. Let r(d) = -3*d**3 + d**2 + 4*d + 4. Let s(z) = -4*n(z) + 7*r(z). What is the units digit of s(-7)?
4
Suppose 6 = 6*u - 3*u, 2*u = -r + 25. Suppose 24*h - 12 = r*h. Suppose -2*s = h*f - 174 - 408, -5*s - 705 = -5*f. What is the tens digit of f?
4
Let j(w) = -w**3 - 8*w**2 + 16*w + 29. Let l be j(-10). Let f = l + 1137. What is the thousands digit of f?
1
Let c = -279 + 282. Suppose 5*s + 4*y - c*y = 1746, -3 = -3*y. What is the units digit of s?
9
Suppose 500 = -2*l - v, -l - 2*v = -5*v + 250. Suppose 4*a + 2*j = -394, -a - 106 = -0*j + 3*j. Let b = a - l. What is the tens digit of b?
5
Suppose -13*u - 148 = -15*u. Suppose 2*z = 2*s + u, 0 = -5*z - 0*s - s + 161. What is the tens digit of z?
3
Let u = -4608 - -7311. What is the units digit of u?
3
Let o = -97 - -5. Let a be (-84)/10 + 8 + 1964/10. Let d = o + a. What is the tens digit of d?
0
Suppose 3*c - 21*c + 728291 = 25*c. What is the units digit of c?
7
Suppose -4*g + 2*r = -40378, 16461 = 2*g - 2*r - 3727. What is the ten thousands digit of g?
1
Suppose -86*f + 82*f = -4. Let a(t) = 392*t**3 - t**2 + 2*t - 1. What is the hundreds digit of a(f)?
3
Let f(u) = -u**3 - 3*u**2 + 34*u - 3. Let g = -515 + 505. What is the hundreds digit of f(g)?
3
Let r = 14012 + 2262. What is the hundreds digit of r?
2
Let i(w) = 6*w**3 - 7*w**2 + 7*w + 991. Let v(q) = q**3 - 2*q**2 + q. Let u(c) = i(c) - 5*v(c). What is the units digit of u(0)?
1
What is the hundreds digit of (18/12)/(2/12) + (-181395)/(-3)?
4
Suppose 15*p + 2*p + 3*p = 1121360. What is the hundreds digit of p?
0
Let r = 5051 - -2665. What is the tens digit of r/27 + 38/171?
8
Let a(v) = 179 + 227 - 98 - 4*v. What is the units digit of a(0)?
8
What is the ten thousands digit of (1 + -27155)*(-20 - -18)?
5
Let v = 22 + -16. Let x be (3/v)/((-334)/(-84) + -4). What is the tens digit of 3*((-727)/x + 12/(-42))?
0
Let g be 1/2 - 26/4. Let r(c) = c**3 + 7*c**2 + 6*c + 3. Let h be r(g). Suppose -225 - 102 = -h*j. What is the tens digit of j?
0
Suppose -3*c = -5*i - 2*c + 67596, i - 13542 = 4*c. What is the hundreds digit of i?
5
Let j(x) = -x**2 - 6*x - 14. Let l be j(-5). Let d = l + 10. Let g(a) = 170*a**3 + a**2 + a - 1. What is the tens digit of g(d)?
7
Suppose 13 = -4*d + 5*d. Suppose -20*w - 140 = -d*w. Let t = w + 30. What is the units digit of t?
0
Let b(f) = 31*f. Suppose 6*h - 266 = -13*h. What is the units digit of b(h)?
4
Suppose -l - 23 + 20 = -2*n, 4*n - l = 7. Suppose -j + 2732 = u + 4*u, -n*j - 1647 = -3*u. What is the hundreds digit of u?
5
Let c(r) = r**2 + 8*r - 4. Let m(n) = -n**2 - 7*n + 5. Let t(j) = -6*c(j) - 7*m(j). Let a be t(0). Let f = a - -141. What is the hundreds digit of f?
1
Let w = -2256 - -3404. Suppose w = 2*b - 1910. What is the hundreds digit of b?
5
Suppose 1520 = j - 13*u + 12*u, -6108 = -4*j - 3*u. What is the units digit of j?
4
Let t be 547 + (-9)/(-6)*-2. Suppose 0 = -2*w + 4*y + 1150, -3*y - t = -2*w + 606. Suppose 8*h + 4*b = 3*h + w, 3*h - 3*b = 372. What is the tens digit of h?
1
Let x = 225633 + -135931. What is the hundreds digit of x?
7
Let c(j) = -j**3 + 12*j**2 - 11*j + 5. Let f be c(11). Suppose -3*y - 4*a + 109 = -139, f*a = 4*y - 279. What is the units digit of y - (8/(-2) - (8 + -11))?
7
Suppose -76*g = -6202746 + 2310755 - 3326033. What is the units digit of g?
4
Let r = -391 + -713. Let v = 1570 + r. What is the units digit of v?
6
Suppose -7*s = 4*w - 76047, w = 4*s + 12283 + 6746. What is the hundreds digit of w?
0
What is the thousands digit of 0 + 8 + (10802 - (10 - 2))?
0
Let p = -30841 + 50418. What is the hundreds digit of p?
5
What is the thousands digit of (-130974)/(-114) + -9 + (-26)/(-247)?
1
Let k(t) be the second derivative of t**4/12 + 5*t**3/6 - t**2/2 - 15*t. Let l be k(-4). Let w = 38 - l. What is the units digit of w?
3
What is the units digit of 12049359/336 - 6/32?
1
Let u(v) = v**3 - 3*v**2 + v - 2. Let n be u(0). What is the tens digit of 1636/(6 + -5)*n/(-8)?
0
Let p(d) = -d**2 + 23*d + 30. Let l(k) = -k + 7. Let s be l(-14). What is the units digit of p(s)?
2
Suppose 59*d + 206615 = 5*t + 64*d, -4*d = -2*t + 82700. What is the units digit of t?
2
Suppose 0 = -10*j + 29*j - 19342. Suppose -4*l = -3*b + 1033, -j + 352 = -2*b - 3*l. What is the tens digit of b?
3
Suppose x + 5*h - 17993 = 0, 25*h = -4*x + 21*h + 72084. What is the tens digit of x?
2
What is the ten thousands digit of ((-294)/154 - 1/11)*-22753?
4
Suppose -3*v = 2 + 4, -3*d = 5*v - 902. Suppose 0 = 2*m - 4, -6*m + d = s - m. Suppose -5*t + 884 - s = 0. What is the units digit of t?
8
Let j = -20 - -327. Let u = j + -79. What is the tens digit of u?
2
Let m = 4753 - 2698. What is the tens digit of m?
5
Suppose -9*u = -12168 + 2151. Let v = 15 + -8. What is the units digit of ((-1)/(-3))/(v/u)?
3
Let p be -1 - (-42)/5 - (-2)/(-5). Let f = p + -8. Let r(s) = -155*s**3 + s**2 + s. What is the units digit of r(f)?
5
Let z(r) be the first derivative of -9*r**2/2 + 179*r + 101. What is the tens digit of z(11)?
8
Suppose -4*w - 19 = -2*g + 1, 0 = -g - 4*w - 14. Suppose 3*z + 5*t = 17 + 18, 18 = 2*z + g*t. Let j(p) = 40*p - 7. What is the units digit of j(z)?
3
Suppose -5*j - 3*t + 158720 = 0, 45*t = -2*j + 40*t + 63507. What is the tens digit of j?
4
Let p = -4669 + 22579. What is the tens digit of p?
1
Let g = 30836 + -5250. What is the units digit of g?
6
Suppose 0 = 65*p - 32053 - 110622. What is the units digit of p?
5
Suppose 5*